 is divided by 25.
22
Calculate the remainder when 2672 is divided by 11.
10
What is the remainder when 127 is divided by 66?
61
What is the remainder when 1623 is divided by 540?
3
Calculate the remainder when 9 is divided by 9.
0
What is the remainder when 393 is divided by 36?
33
What is the remainder when 4290 is divided by 7?
6
What is the remainder when 189 is divided by 65?
59
What is the remainder when 19799 is divided by 50?
49
Calculate the remainder when 2307 is divided by 327.
18
Calculate the remainder when 856 is divided by 98.
72
What is the remainder when 1448 is divided by 448?
104
What is the remainder when 22 is divided by 3?
1
What is the remainder when 1617 is divided by 15?
12
What is the remainder when 474 is divided by 73?
36
Calculate the remainder when 2830 is divided by 27.
22
What is the remainder when 459 is divided by 18?
9
What is the remainder when 440 is divided by 206?
28
Calculate the remainder when 415 is divided by 30.
25
What is the remainder when 260 is divided by 4?
0
What is the remainder when 106 is divided by 36?
34
What is the remainder when 25 is divided by 2?
1
Calculate the remainder when 89 is divided by 9.
8
Calculate the remainder when 357 is divided by 28.
21
Calculate the remainder when 863 is divided by 818.
45
What is the remainder when 820 is divided by 409?
2
What is the remainder when 2698 is divided by 100?
98
What is the remainder when 123 is divided by 89?
34
What is the remainder when 616 is divided by 36?
4
Calculate the remainder when 5486 is divided by 17.
12
What is the remainder when 198 is divided by 116?
82
Calculate the remainder when 1187 is divided by 131.
8
What is the remainder when 1816 is divided by 79?
78
Calculate the remainder when 1115 is divided by 256.
91
What is the remainder when 2575 is divided by 32?
15
What is the remainder when 63 is divided by 36?
27
What is the remainder when 10 is divided by 6?
4
What is the remainder when 511 is divided by 83?
13
Calculate the remainder when 122 is divided by 35.
17
Calculate the remainder when 38 is divided by 2.
0
Calculate the remainder when 424 is divided by 140.
4
What is the remainder when 882 is divided by 15?
12
What is the remainder when 875 is divided by 58?
5
Calculate the remainder when 171 is divided by 69.
33
Calculate the remainder when 295 is divided by 61.
51
Calculate the remainder when 194 is divided by 119.
75
What is the remainder when 281 is divided by 95?
91
What is the remainder when 121 is divided by 34?
19
Calculate the remainder when 100 is divided by 47.
6
What is the remainder when 3610 is divided by 12?
10
Calculate the remainder when 10267 is divided by 12.
7
Calculate the remainder when 543 is divided by 541.
2
Calculate the remainder when 1823 is divided by 32.
31
What is the remainder when 82 is divided by 12?
10
What is the remainder when 245 is divided by 13?
11
What is the remainder when 2253 is divided by 447?
18
What is the remainder when 444 is divided by 91?
80
Calculate the remainder when 575 is divided by 65.
55
Calculate the remainder when 1630 is divided by 86.
82
What is the remainder when 11998 is divided by 169?
168
Calculate the remainder when 418 is divided by 84.
82
What is the remainder when 6792 is divided by 15?
12
Calculate the remainder when 360 is divided by 28.
24
Calculate the remainder when 187 is divided by 43.
15
What is the remainder when 1281 is divided by 214?
211
Calculate the remainder when 117 is divided by 48.
21
What is the remainder when 2643 is divided by 9?
6
Calculate the remainder when 153 is divided by 11.
10
What is the remainder when 2221 is divided by 117?
115
Calculate the remainder when 17 is divided by 10.
7
What is the remainder when 499 is divided by 164?
7
What is the remainder when 131 is divided by 22?
21
Calculate the remainder when 2347 is divided by 44.
15
Calculate the remainder when 7189 is divided by 31.
28
What is the remainder when 992 is divided by 71?
69
Calculate the remainder when 312 is divided by 63.
60
Calculate the remainder when 229 is divided by 115.
114
What is the remainder when 629 is divided by 31?
9
Calculate the remainder when 2396 is divided by 32.
28
What is the remainder when 3705 is divided by 100?
5
Calculate the remainder when 1044 is divided by 131.
127
Calculate the remainder when 150 is divided by 77.
73
Calculate the remainder when 40 is divided by 29.
11
What is the remainder when 253 is divided by 52?
45
What is the remainder when 44841 is divided by 17?
12
Calculate the remainder when 80 is divided by 43.
37
What is the remainder when 1710 is divided by 350?
310
Calculate the remainder when 228 is divided by 7.
4
What is the remainder when 94 is divided by 6?
4
What is the remainder when 616 is divided by 20?
16
Calculate the remainder when 228 is divided by 121.
107
What is the remainder when 227 is divided by 20?
7
What is the remainder when 3884 is divided by 23?
20
Calculate the remainder when 5550 is divided by 16.
14
Calculate the remainder when 244 is divided by 62.
58
Calculate the remainder when 87 is divided by 6.
3
Calculate the remainder when 1674 is divided by 152.
2
Calculate the remainder when 567 is divided by 57.
54
Calculate the remainder when 1057 is divided by 42.
7
Calculate the remainder when 308 is divided by 95.
23
What is the remainder when 108 is divided by 28?
24
Calculate the remainder when 448 is divided by 215.
18
Calculate the remainder when 81 is divided by 14.
11
What is the remainder when 873 is divided by 12?
9
What is the remainder when 66 is divided by 56?
10
Calculate the remainder when 506 is divided by 137.
95
Calculate the remainder when 57 is divided by 15.
12
Calculate the remainder when 81 is divided by 26.
3
What is the remainder when 1231 is divided by 112?
111
Calculate the remainder when 45 is divided by 7.
3
What is the remainder when 45 is divided by 17?
11
What is the remainder when 214 is divided by 72?
70
Calculate the remainder when 4555 is divided by 1515.
10
Calculate the remainder when 183 is divided by 46.
45
Calculate the remainder when 165 is divided by 5.
0
What is the remainder when 1732 is divided by 28?
24
Calculate the remainder when 3273 is divided by 26.
23
What is the remainder when 573 is divided by 64?
61
What is the remainder when 1414 is divided by 178?
168
Calculate the remainder when 309 is divided by 77.
1
What is the remainder when 3946 is divided by 141?
139
Calculate the remainder when 66 is divided by 24.
18
What is the remainder when 2449 is divided by 25?
24
What is the remainder when 25 is divided by 13?
12
What is the remainder when 8942 is divided by 25?
17
Calculate the remainder when 602 is divided by 67.
66
Calculate the remainder when 35 is divided by 9.
8
Calculate the remainder when 105 is divided by 50.
5
Calculate the remainder when 103 is divided by 35.
33
Calculate the remainder when 254 is divided by 110.
34
What is the remainder when 799 is divided by 100?
99
What is the remainder when 388 is divided by 20?
8
What is the remainder when 604 is divided by 201?
1
What is the remainder when 161 is divided by 157?
4
Calculate the remainder when 280 is divided by 48.
40
What is the remainder when 1716 is divided by 101?
100
What is the remainder when 584 is divided by 39?
38
Calculate the remainder when 31 is divided by 3.
1
What is the remainder when 569 is divided by 57?
56
What is the remainder when 1026 is divided by 181?
121
Calculate the remainder when 196 is divided by 191.
5
What is the remainder when 1523 is divided by 64?
51
What is the remainder when 151 is divided by 8?
7
Calculate the remainder when 248 is divided by 68.
44
Calculate the remainder when 76 is divided by 7.
6
Calculate the remainder when 761 is divided by 367.
27
What is the remainder when 679 is divided by 37?
13
Calculate the remainder when 259 is divided by 76.
31
What is the remainder when 88 is divided by 46?
42
Calculate the remainder when 120 is divided by 34.
18
Calculate the remainder when 1599 is divided by 40.
39
What is the remainder when 21849 is divided by 7283?
0
What is the remainder when 1893 is divided by 6?
3
What is the remainder when 103 is divided by 21?
19
What is the remainder when 273 is divided by 27?
3